{"id":251,"date":"2018-12-23T16:35:23","date_gmt":"2018-12-23T16:35:23","guid":{"rendered":"http:\/\/your-agent.de\/?page_id=251"},"modified":"2021-01-23T17:30:15","modified_gmt":"2021-01-23T17:30:15","slug":"reparatur-tuning-und-servicepartner-im-kfz-bereich","status":"publish","type":"page","link":"https:\/\/your-agent.de\/?page_id=251","title":{"rendered":"Produktion von Podcasts, Audio- und Filmmaterialien"},"content":{"rendered":"\n<figure class=\"wp-block-image size-full\"><img fetchpriority=\"high\" decoding=\"async\" width=\"2560\" height=\"1707\" src=\"https:\/\/your-agent.de\/wp-content\/uploads\/2021\/01\/podcast-scaled.jpg\" alt=\"\" class=\"wp-image-545\" srcset=\"https:\/\/your-agent.de\/wp-content\/uploads\/2021\/01\/podcast-scaled.jpg 2560w, https:\/\/your-agent.de\/wp-content\/uploads\/2021\/01\/podcast-300x200.jpg 300w, https:\/\/your-agent.de\/wp-content\/uploads\/2021\/01\/podcast-1024x683.jpg 1024w, https:\/\/your-agent.de\/wp-content\/uploads\/2021\/01\/podcast-768x512.jpg 768w, https:\/\/your-agent.de\/wp-content\/uploads\/2021\/01\/podcast-2048x1365.jpg 2048w, https:\/\/your-agent.de\/wp-content\/uploads\/2021\/01\/podcast-360x240.jpg 360w\" sizes=\"(max-width: 2560px) 100vw, 2560px\" \/><\/figure>\n\n\n\n<p style=\"font-size:25px\">Sehr geehrte Damen und Herren,<\/p>\n\n\n\n<p style=\"font-size:25px\">ich bin seit dem Jahr 2004 aktiv in den Bereichen Audio- und Videoproduktion t\u00e4tig.<\/p>\n\n\n\n<p style=\"font-size:25px\">In Kooperation mit der Landesmedienanstalt-MV und einigen sozialen Projekttr\u00e4gern konnte ich in den letzten Monaten zahlreiche Podcastproduktionen realisieren.<\/p>\n\n\n\n<p style=\"font-size:25px\">Nun m\u00f6chte ich diese Dienstleistung auch f\u00fcr Privatpersonen und Unternehmen anbieten. Zu meinen exklusiven Serviceleistungen z\u00e4hlen: <\/p>\n\n\n\n<p style=\"font-size:25px\">&#8211; <strong>Podcastproduktion<\/strong>: Freie Themenwahl \/  Ausarbeitung von Gespr\u00e4chsleitf\u00e4den \/ Bereitstellung von technischen Ger\u00e4ten \/ Moderation \/ Schnitt \/ Digitalisierung \/ Produktion bei Ihnen vor Ort m\u00f6glich<\/p>\n\n\n\n<p style=\"font-size:25px\"><strong>&#8211; Audio-Guide-Produktion:<\/strong> Inhaltliche Erarbeitung von Beitr\u00e4gen \/ Digitalisierung von Inhalten \/ mehrsprachige Versionen in Englisch, Arabisch und Polnisch \/ Datentransfer auf Audioger\u00e4te \/ Bereitstellung der Daten auf Webpages \/ differenzierte Promotionsvarianten<\/p>\n\n\n\n<p style=\"font-size:25px\"><strong>&#8211; Videoproduktion:<\/strong> Konzeption und Produktion von Videobeitr\u00e4gen \/ Kooperation mit den Medienwerkst\u00e4tten in MV \/ Schnitt und Digitalisierung \/ individuelle Formate werden angeboten<\/p>\n\n\n\n<p style=\"font-size:25px\"><strong>&#8211; Musikproduktion:<\/strong> Kooperation mit Musiker*Innen der Region \/ individuelle Soundtracks oder Lieder \/ Hintergrundmusik f\u00fcr Filme oder Podcasts \/ zahlreiche Instrumente k\u00f6nnen involviert werden <\/p>\n\n\n\n<p style=\"font-size:25px\">Gerne berate ich Sie individuell per Webkonferenz, telefonisch oder vor Ort.<br><\/p>\n","protected":false},"excerpt":{"rendered":"<p>Sehr geehrte Damen und Herren, ich bin seit dem Jahr 2004 aktiv in den Bereichen Audio- und Videoproduktion t\u00e4tig. In Kooperation mit der Landesmedienanstalt-MV und einigen sozialen Projekttr\u00e4gern konnte ich in den letzten Monaten zahlreiche Podcastproduktionen realisieren. Nun m\u00f6chte ich diese Dienstleistung auch f\u00fcr Privatpersonen und Unternehmen anbieten. Zu meinen<a class=\"moretag\" href=\"https:\/\/your-agent.de\/?page_id=251\"> Weiterlesen<\/a><\/p>\n","protected":false},"author":1,"featured_media":0,"parent":0,"menu_order":0,"comment_status":"closed","ping_status":"closed","template":"","meta":{"footnotes":""},"class_list":["post-251","page","type-page","status-publish","hentry"],"_links":{"self":[{"href":"https:\/\/your-agent.de\/index.php?rest_route=\/wp\/v2\/pages\/251","targetHints":{"allow":["GET"]}}],"collection":[{"href":"https:\/\/your-agent.de\/index.php?rest_route=\/wp\/v2\/pages"}],"about":[{"href":"https:\/\/your-agent.de\/index.php?rest_route=\/wp\/v2\/types\/page"}],"author":[{"embeddable":true,"href":"https:\/\/your-agent.de\/index.php?rest_route=\/wp\/v2\/users\/1"}],"replies":[{"embeddable":true,"href":"https:\/\/your-agent.de\/index.php?rest_route=%2Fwp%2Fv2%2Fcomments&post=251"}],"version-history":[{"count":6,"href":"https:\/\/your-agent.de\/index.php?rest_route=\/wp\/v2\/pages\/251\/revisions"}],"predecessor-version":[{"id":553,"href":"https:\/\/your-agent.de\/index.php?rest_route=\/wp\/v2\/pages\/251\/revisions\/553"}],"wp:attachment":[{"href":"https:\/\/your-agent.de\/index.php?rest_route=%2Fwp%2Fv2%2Fmedia&parent=251"}],"curies":[{"name":"wp","href":"https:\/\/api.w.org\/{rel}","templated":true}]}}